, -2*a = 2*r - 66. Is a a prime number?
False
Let x = -228 + 225. Is 3307/(-1)*(3/x + 0) prime?
True
Let q(v) = 2*v - 19. Let x be q(9). Is 0/x - (-5)/((-30)/(-2718)) a composite number?
True
Suppose -59*d + 6522744 = -7992259. Is d a composite number?
False
Let x = -132 + 132. Suppose y + 4 = -x, 2*h - 4664 = -5*y. Is h prime?
False
Let y(g) = 2*g**2 - 354*g + 651127. Is y(0) a prime number?
True
Suppose 52584 = 532*t - 544*t. Let z = -2725 - t. Is z prime?
True
Is (22151240/32)/1 + -5 + (-5)/20 a composite number?
False
Let f(v) = 27 + 27*v - 27*v - v**3 - 3*v + 34*v + 28*v**2. Is f(22) a composite number?
False
Let x(r) = -268*r - 97. Suppose 0 = -2*o - 4*l - 110, 2*l = -2*o + 3*o + 39. Is x(o) prime?
False
Let s = 13312 + 26207. Suppose 13*v - 22*v = -s. Is v a composite number?
False
Suppose 40*h - 27*h - 208 = 0. Suppose -h*s + 234974 = -176274. Is s a composite number?
False
Suppose -920017 = -o + 42*p - 44*p, 4*o = 2*p + 3680058. Is o prime?
False
Suppose 76575 = 3*x + 2*k, k + 2*k = -5*x + 127624. Is x prime?
True
Let v(y) = 91*y**2 + 19*y - 7. Is v(20) a prime number?
False
Suppose 5*u - 12550 = 17055. Is u a composite number?
True
Let s = 29 - 26. Suppose s*q = 657 + 465. Suppose 58*o = 60*o - q. Is o a prime number?
False
Let q(g) = -2*g**2 - 24*g - 16. Let p be q(-10). Suppose -35*r + p*r = -22. Is (-711)/12*-78 - r/4 composite?
False
Let w = -72706 + 158419. Is w composite?
True
Let z(s) = s - 12. Let f be z(12). Suppose f = 8*w - 1348 - 5364. Is w a prime number?
True
Is (11/((-308)/(-8475663)))/(126/168) a prime number?
True
Let y(v) = 212*v**2 + 29*v + 2445. Is y(-38) a composite number?
False
Let c be (-110)/(-25) - (-2)/(-5). Suppose -i + j = 1, 0 = c*i + 4*j - 0 - 28. Suppose -5*m - 3*x = -2428, 0*x = -i*x + 3. Is m a prime number?
False
Let h = 84835 + -49458. Is h a prime number?
False
Suppose -7*g + 0*g + 147 = 0. Suppose -5*w - 4*v + 59803 = 0, 0 = g*w - 20*w + 5*v - 11948. Is w prime?
False
Suppose 4*y - 2*h - 1050468 = 0, -258925 = -5*y - 4*h + 1054108. Is y prime?
False
Let g = 49048 + -28618. Suppose 0 = 4*m - 8966 - g. Is m composite?
False
Let q(h) = h**3 + 10*h - 7. Let m be q(-13). Let w = 7361 + m. Is w composite?
True
Let a(g) = 2*g**2 + 15*g + 11. Let z be a(-7). Is (-4)/z*(-2931)/3 prime?
True
Is 15/(-9) - (-33971548)/258 prime?
True
Let g(l) = 31*l + 45. Let c(t) = -17*t + 67. Let s be c(3). Is g(s) a prime number?
True
Let l(k) be the second derivative of -k**5/20 - 19*k**4/12 + 14*k**3/3 + 45*k**2/2 - k + 10. Is l(-26) composite?
False
Let c(t) = -13 + 346*t + 145 + 120*t - 5. Is c(7) composite?
False
Let t be (7 + 328/(-48))/(3/36). Suppose -3*m = t*n - 15031 - 14998, 3*m + 5*n = 30041. Is m a composite number?
False
Suppose -a + 84121 = 4*i - 159464, -3*i + 4*a + 182665 = 0. Suppose -h + i = 18*h. Is h a prime number?
False
Suppose -3*z - 35 = -5*i, 0 = 2*i - 3*i - 3*z - 11. Let m be -1 + 5 + (-21744)/(-40)*5. Suppose -2*x + m = i*p, -4*x + 7*x - p = 4062. Is x a composite number?
True
Suppose -3*l = -4*f + 12, -2*l - f + 5*f - 12 = 0. Let z(g) = 921*g - 10132. Let b be z(11). Is (677 + l - -3) + b prime?
False
Let s(n) = -300064*n - 929. Is s(-3) a composite number?
False
Suppose -79*q + 20821724 + 13395467 = 0. Is q a prime number?
False
Suppose -q - 18328 = 5*w, -4169 - 6823 = 3*w - q. Let l = -1482 - w. Is l a composite number?
True
Suppose 5*q - 363901 = 4*o - 858675, -q - 2 = 0. Is o a prime number?
False
Let x = 134028 - 79069. Is x a prime number?
True
Suppose -28266 = -31*a + 657. Let h = a + 2040. Is h a prime number?
False
Let v(t) = -t**3 + 14*t**2 + 15*t + 5. Let o be v(15). Suppose o*h = 2*d + 7591, -h + 0*h + 1520 = -d. Is h prime?
False
Suppose 5*q + 5*k - 17 - 8 = 0, -5*k + 19 = 3*q. Suppose -p + 1508 = q*r + 204, -p = 5*r - 2176. Suppose -f = l - r, 2*f + 4*l + 234 = 1116. Is f prime?
True
Let t = 1494 - 2427. Suppose -x + 3*f = x + 1127, -f - 551 = x. Let w = x - t. Is w a prime number?
False
Suppose 2*o - 4*o = 0. Suppose 23*s - 21*s - 1840 = o. Is -3 + 0 + 1*s prime?
False
Let f(d) = 41*d**2 + 15*d + 57. Let z(s) = -s + 1. Let l(p) = f(p) + 4*z(p). Is l(-5) composite?
False
Suppose 5*f = -5*j + 40, -4*j + 3 = -3*j + 2*f. Let h(l) = 21*l + 24. Let x be h(j). Let q = -50 + x. Is q composite?
True
Let g be 93588/(-198)*-1*3. Suppose 1428 = 2*c - 2*q, 40*c - g = 38*c + 4*q. Is c a prime number?
True
Let w(c) = 3909*c - 61. Let k(d) = 1304*d - 21. Let l(u) = -11*k(u) + 4*w(u). Is l(4) a prime number?
False
Suppose -2*d = 3*d. Suppose d = -14*q - 2896 + 21950. Is q a prime number?
True
Is (-148305)/20*8/14*2030/(-30) a composite number?
True
Let x = -14 + -14. Let l = x + 53. Suppose -l = 4*d - 4*z - 149, 73 = 3*d + z. Is d a prime number?
False
Suppose 10*p = 8*p + 340. Let t = 421 - p. Is t prime?
True
Let v(s) = -944*s - 493. Let y = 137 - 168. Is v(y) prime?
True
Let n(w) = 12*w**2 - 23*w + 1. Let i be n(2). Suppose 5*x + 24760 = -16*b + 18*b, 3*x - 37161 = -i*b. Is b composite?
True
Let g be 18/10 - 7/(-35). Suppose 0 = -2*j - 5*i + 15614, -8 = 4*i - g*i. Is j a composite number?
False
Let x(y) = 6*y**3 + 10*y**2 - 16*y + 1. Let n(d) = -d**3 + 10*d**2 + 7. Let t = -98 - -108. Let q be n(t). Is x(q) prime?
True
Let p(z) = 307*z + 0*z**3 - 291*z - 8*z**2 - 44 + 3*z**3. Let h(r) = -2*r**3 + 4*r**2 - 8*r + 22. Let l(i) = 5*h(i) + 3*p(i). Is l(-11) a prime number?
False
Let i(k) = -12839*k - 12045. Is i(-68) composite?
True
Let t be 1 + 1 + (45 - -11). Suppose 0 = 4*y - 8, 5*f = 4*f - 3*y + t. Suppose -85*u + f = -83*u. Is u a prime number?
False
Suppose -15 = 2*l - 3*n, 3*l + 27*n + 15 = 30*n. Is l + 4*(-17059)/(-28) prime?
True
Suppose 201*z = 7*q + 203*z - 5963179, 0 = 5*z - 30. Is q a prime number?
True
Let r(k) = -500*k - 19. Let v be r(10). Let g = v - -2962. Let f = 3156 + g. Is f a prime number?
False
Suppose 66*m - 9 = 63*m. Is (60872/12)/(2/m) composite?
True
Is (16 - 171/9)/(3 - (-198240)/(-66076)) a composite number?
False
Suppose 3*d - 514709 = 6*a - 4*a, d - 171579 = -4*a. Is d composite?
False
Let g = -9990 + 18346. Let x = -3314 + g. Is x composite?
True
Suppose 4*l + 2*s - 37562 = 0, -3*s + s = 6. Suppose -3*d - l = -19*d. Is d prime?
True
Suppose -10814 = -4*o - 2366. Let t = 4445 - o. Is t composite?
False
Let d(z) = -3*z - 19*z - 9 - 5*z + 10*z. Suppose 0*p = -p - 4. Is d(p) a prime number?
True
Let f(n) = 50*n + 15. Suppose -9*w + 10 = -7*w. Suppose m - 13 = 3*g, 2*m - 5*g + w = 3*m. Is f(m) prime?
False
Suppose -14*o + 5*o - 36 = 0. Let x(v) = v**2 + 2*v - 6. Let f be x(o). Suppose 0 = -2*u + 3*a + 3372, -f*a = -5*u - 3*a + 8447. Is u prime?
False
Let k be 28/3 + (-4)/(-6). Let z be (-4)/(-18) - k/45. Suppose z = -4*n - 4*w + 812, -w + 258 = 3*n - 343. Is n a composite number?
False
Let j(l) = 569*l + 988. Is j(41) a prime number?
True
Suppose 2597911 = 46*m - 1064103. Is m a composite number?
False
Suppose 4*w = -o + 238317, 5*o - 53 = -48. Is w composite?
True
Suppose 5*i - 3547 - 1038 = 0. Suppose -103 - 199 = -m - 5*n, i = 3*m + 4*n. Is m a prime number?
True
Let o be (-3)/((-72)/(-16))*(-15)/2. Suppose -1952 = -i - 3*j, o*j - j + 20 = 0. Let n = i + -1038. Is n composite?
False
Let u(h) = -48*h**2 + 8*h - 6. Let d be u(-20). Is (-1)/6 - d*5/12 a prime number?
True
Suppose b - g = 3, -g = 4*b + 4*g - 30. Suppose 0*a + a + 4 = 4*z, 0 = 3*a - b*z + 5. Suppose a*j = -10*j + 1660. Is j a prime number?
False
Let f be (5 - (-7)/1)*41/2. Suppose -6*i + 288 = -f. Is i a composite number?
False
Let c = -237751 + 414444. Is c prime?
False
Let d(u) be the first derivative of -5*u**4/4 - 7*u**3/2 - 13*u**2/2 - 8. Let s(t) be the second derivative of d(t). Is s(-6) a composite number?
True
Let z(r) = -3891*r**3 - 55*r**2 - 238*r + 7. Is z(-4) composite?
False
Let j(n) = -n**3 - 5*n**2 - 3*n + 11. Let f(s) = s**2 - 4*s - 10. Let k be f(8). Suppose k = -4*i - 18. Is j(i) prime?
True
Suppose 5*x - 3*p = -2*p - 11, x + 3 = p. Let w be x/((-44)/12 - -3). Suppose -9*q + w*q + 32610 = 0. Is q composite?
True
Suppose 8 = -2*y, 0 = -0*z + 5*z + 3*y + 22. Let t be 1/((-238)/(-118) + z). Suppose w - t - 894 = 0. Is w a composite number?
False
Let k(m) be the first derivative of 7*m**4/4 - 6*m**3 + 5*m**2/2 - 6*m - 24. Let b be k(7). Suppose -271 = h - b. Is h a composite number?
Fa